{"id":26225,"date":"2023-05-16T11:23:17","date_gmt":"2023-05-16T10:23:17","guid":{"rendered":"https:\/\/capotex.com\/masche-mit-selbstschneidender-schraube\/"},"modified":"2024-07-18T16:34:24","modified_gmt":"2024-07-18T15:34:24","slug":"seitliche-schutzvorrichtungen-fur-forderbander","status":"publish","type":"page","link":"https:\/\/www.capotex.com\/de\/seitliche-schutzvorrichtungen-fur-foerderband\/seitliche-schutzvorrichtungen-fur-forderbander\/","title":{"rendered":"Masche mit selbstschneidender Schraube"},"content":{"rendered":"\t\t<div data-elementor-type=\"wp-page\" data-elementor-id=\"26225\" class=\"elementor elementor-26225 elementor-1763\" data-elementor-post-type=\"page\">\n\t\t\t\t<div class=\"elementor-element elementor-element-d6f361e e-flex e-con-boxed e-con e-parent\" data-id=\"d6f361e\" data-element_type=\"container\" data-e-type=\"container\">\n\t\t\t\t\t<div class=\"e-con-inner\">\n\t\t\t\t<div class=\"elementor-element elementor-element-cda3c56 elementor-widget elementor-widget-heading\" data-id=\"cda3c56\" data-element_type=\"widget\" data-e-type=\"widget\" data-widget_type=\"heading.default\">\n\t\t\t\t<div class=\"elementor-widget-container\">\n\t\t\t\t\t<h1 class=\"elementor-heading-title elementor-size-default\">Seitliche Schutzvorrichtungen f\u00fcr F\u00f6rderbander<\/h1>\t\t\t\t<\/div>\n\t\t\t\t<\/div>\n\t\t\t\t<div class=\"elementor-element elementor-element-2fdf1e4 elementor-widget elementor-widget-heading\" data-id=\"2fdf1e4\" data-element_type=\"widget\" data-e-type=\"widget\" data-widget_type=\"heading.default\">\n\t\t\t\t<div class=\"elementor-widget-container\">\n\t\t\t\t\t<h2 class=\"elementor-heading-title elementor-size-default\">Seitenschutz des F\u00f6rderbandes aus Metall mit selbstschneidender Schraube (P1)<\/h2>\t\t\t\t<\/div>\n\t\t\t\t<\/div>\n\t\t\t\t<div class=\"elementor-element elementor-element-669d373 elementor-widget elementor-widget-image\" data-id=\"669d373\" data-element_type=\"widget\" data-e-type=\"widget\" data-widget_type=\"image.default\">\n\t\t\t\t<div class=\"elementor-widget-container\">\n\t\t\t\t\t\t\t\t\t\t\t\t\t\t\t\t<a href=\"https:\/\/www.capotex.com\/wp-content\/uploads\/2024\/07\/Seitliche-Schutzvorrichtungen-fur-Forderbander.jpg\" data-elementor-open-lightbox=\"yes\" data-elementor-lightbox-title=\"Seitliche Schutzvorrichtungen f\u00fcr F\u00f6rderbander\" data-elementor-lightbox-description=\"Seitliche Schutzvorrichtungen f\u00fcr F\u00f6rderbander\" data-e-action-hash=\"#elementor-action%3Aaction%3Dlightbox%26settings%3DeyJpZCI6MzUxMjEsInVybCI6Imh0dHBzOlwvXC93d3cuY2Fwb3RleC5jb21cL3dwLWNvbnRlbnRcL3VwbG9hZHNcLzIwMjRcLzA3XC9TZWl0bGljaGUtU2NodXR6dm9ycmljaHR1bmdlbi1mdXItRm9yZGVyYmFuZGVyLmpwZyJ9\">\n\t\t\t\t\t\t\t<img fetchpriority=\"high\" decoding=\"async\" width=\"546\" height=\"400\" src=\"https:\/\/www.capotex.com\/wp-content\/uploads\/2024\/07\/Seitliche-Schutzvorrichtungen-fur-Forderbander.jpg\" class=\"attachment-full size-full wp-image-35121\" alt=\"Seitliche Schutzvorrichtungen f\u00fcr F\u00f6rderbander\" srcset=\"https:\/\/www.capotex.com\/wp-content\/uploads\/2024\/07\/Seitliche-Schutzvorrichtungen-fur-Forderbander.jpg 546w, https:\/\/www.capotex.com\/wp-content\/uploads\/2024\/07\/Seitliche-Schutzvorrichtungen-fur-Forderbander-300x220.jpg 300w\" sizes=\"(max-width: 546px) 100vw, 546px\" \/>\t\t\t\t\t\t\t\t<\/a>\n\t\t\t\t\t\t\t\t\t\t\t\t\t\t\t<\/div>\n\t\t\t\t<\/div>\n\t\t\t\t\t<\/div>\n\t\t\t\t<\/div>\n\t\t<div class=\"elementor-element elementor-element-82ef0d0 e-flex e-con-boxed e-con e-parent\" data-id=\"82ef0d0\" data-element_type=\"container\" data-e-type=\"container\">\n\t\t\t\t\t<div class=\"e-con-inner\">\n\t\t<div class=\"elementor-element elementor-element-f2cb550 e-con-full e-flex e-con e-child\" data-id=\"f2cb550\" data-element_type=\"container\" data-e-type=\"container\">\n\t\t\t\t<div class=\"elementor-element elementor-element-327d608 elementor-widget elementor-widget-text-editor\" data-id=\"327d608\" data-element_type=\"widget\" data-e-type=\"widget\" data-widget_type=\"text-editor.default\">\n\t\t\t\t<div class=\"elementor-widget-container\">\n\t\t\t\t\t\t\t\t\t<p><strong>Merkmale:<\/strong><\/p>\n<ul>\n<li>Sie gew\u00e4hrleisten die Koh\u00e4renz und Einhaltung der Vorschriften.<\/li>\n<li>Dank der Innovation ihrer ma\u00dfgeschneiderten L\u00f6sungen gew\u00e4hrleisten sie eine korrekte Installation.<\/li>\n<li>Es handelt sich um eine der wirtschaftlichsten Optionen f\u00fcr den Schutz der oberen Seite &#8211; des Ladebands -.<\/li>\n<li>Obwohl sie als feste Schutzeinrichtungen gelten, k\u00f6nnen sie f\u00fcr Wartungsarbeiten demontiert werden.<\/li>\n<li>Dieser Schutz wird an einen Pfosten geschraubt, der mit dem Rahmen verschraubt ist.<\/li>\n<\/ul>\n\t\t\t\t\t\t\t\t<\/div>\n\t\t\t\t<\/div>\n\t\t\t\t<\/div>\n\t\t<div class=\"elementor-element elementor-element-ca54301 e-con-full e-flex e-con e-child\" data-id=\"ca54301\" data-element_type=\"container\" data-e-type=\"container\">\n\t\t\t\t<div class=\"elementor-element elementor-element-fe16220 elementor-widget elementor-widget-text-editor\" data-id=\"fe16220\" data-element_type=\"widget\" data-e-type=\"widget\" data-widget_type=\"text-editor.default\">\n\t\t\t\t<div class=\"elementor-widget-container\">\n\t\t\t\t\t\t\t\t\t<p><strong>Materialien:<\/strong><\/p>\n<ul>\n<li>Feuerverzinkt.<\/li>\n<li>Rostfreier Stahl 304.<\/li>\n<li>Rostfreier Stahl 316.<\/li>\n<\/ul>\n\t\t\t\t\t\t\t\t<\/div>\n\t\t\t\t<\/div>\n\t\t\t\t<\/div>\n\t\t<div class=\"elementor-element elementor-element-4df8a6f e-con-full e-flex e-con e-child\" data-id=\"4df8a6f\" data-element_type=\"container\" data-e-type=\"container\">\n\t\t\t\t<div class=\"elementor-element elementor-element-158a2f4 elementor-widget elementor-widget-text-editor\" data-id=\"158a2f4\" data-element_type=\"widget\" data-e-type=\"widget\" data-widget_type=\"text-editor.default\">\n\t\t\t\t<div class=\"elementor-widget-container\">\n\t\t\t\t\t\t\t\t\t<p><strong>Technische Daten:<\/strong><\/p><ul><li><strong>L\u00e4nge<\/strong> der Einheit von 1,5 bis 2,4 m.<\/li><li><strong>H\u00f6he<\/strong> gem\u00e4\u00df <a href=\"https:\/\/www.capotex.com\/wp-content\/uploads\/2024\/03\/P1-Mesh-dimensions.pdf\" target=\"_blank\" rel=\"noopener\">Zeichnung<\/a>.<\/li><li><strong>Gewicht des Systems<\/strong> 4,7 kg\/Meter.<\/li><li><strong>Standardmaschengr\u00f6\u00dfe<\/strong> 33&#215;33 Draht 3 mm (andere Gr\u00f6\u00dfen auf Anfrage).<\/li><\/ul>\t\t\t\t\t\t\t\t<\/div>\n\t\t\t\t<\/div>\n\t\t\t\t<\/div>\n\t\t\t\t\t<\/div>\n\t\t\t\t<\/div>\n\t\t<div class=\"elementor-element elementor-element-e57b63c e-flex e-con-boxed e-con e-parent\" data-id=\"e57b63c\" data-element_type=\"container\" data-e-type=\"container\">\n\t\t\t\t\t<div class=\"e-con-inner\">\n\t\t\t\t<div class=\"elementor-element elementor-element-e4bb2b7 elementor-widget elementor-widget-image\" data-id=\"e4bb2b7\" data-element_type=\"widget\" data-e-type=\"widget\" data-widget_type=\"image.default\">\n\t\t\t\t<div class=\"elementor-widget-container\">\n\t\t\t\t\t\t\t\t\t\t\t\t\t\t\t\t<a href=\"https:\/\/www.capotex.com\/wp-content\/uploads\/2024\/03\/P-1_MESH-Deutsch.pdf\" target=\"_blank\">\n\t\t\t\t\t\t\t<img decoding=\"async\" width=\"793\" height=\"560\" src=\"https:\/\/www.capotex.com\/wp-content\/uploads\/2024\/03\/P-1_Mesh_German.jpg\" class=\"attachment-full size-full wp-image-32324\" alt=\"Seitliche Schutzvorrichtungen f\u00fcr F\u00f6rderbander\" srcset=\"https:\/\/www.capotex.com\/wp-content\/uploads\/2024\/03\/P-1_Mesh_German.jpg 793w, https:\/\/www.capotex.com\/wp-content\/uploads\/2024\/03\/P-1_Mesh_German-300x212.jpg 300w, https:\/\/www.capotex.com\/wp-content\/uploads\/2024\/03\/P-1_Mesh_German-768x542.jpg 768w\" sizes=\"(max-width: 793px) 100vw, 793px\" \/>\t\t\t\t\t\t\t\t<\/a>\n\t\t\t\t\t\t\t\t\t\t\t\t\t\t\t<\/div>\n\t\t\t\t<\/div>\n\t\t\t\t<div class=\"elementor-element elementor-element-329e146 elementor-widget elementor-widget-text-editor\" data-id=\"329e146\" data-element_type=\"widget\" data-e-type=\"widget\" data-widget_type=\"text-editor.default\">\n\t\t\t\t<div class=\"elementor-widget-container\">\n\t\t\t\t\t\t\t\t\t<p style=\"text-align: center;\"><a href=\"https:\/\/www.capotex.com\/wp-content\/uploads\/2024\/03\/P-1_MESH-Deutsch.pdf\" target=\"_blank\" rel=\"noopener\"><em>P-1-Netzplan im pdf-Format herunterladen<\/em><\/a><\/p>\t\t\t\t\t\t\t\t<\/div>\n\t\t\t\t<\/div>\n\t\t\t\t\t<\/div>\n\t\t\t\t<\/div>\n\t\t\t\t<\/div>\n\t\t","protected":false},"excerpt":{"rendered":"<p>Seitliche Schutzvorrichtungen f\u00fcr F\u00f6rderbander Seitenschutz des F\u00f6rderbandes aus Metall mit selbstschneidender Schraube (P1) Merkmale: Sie gew\u00e4hrleisten die Koh\u00e4renz und Einhaltung der Vorschriften. Dank der Innovation ihrer ma\u00dfgeschneiderten L\u00f6sungen gew\u00e4hrleisten sie eine korrekte Installation. Es handelt sich um eine der wirtschaftlichsten Optionen f\u00fcr den Schutz der oberen Seite &#8211; des Ladebands -. Obwohl sie als feste [&hellip;]<\/p>\n","protected":false},"author":1,"featured_media":1690,"parent":26252,"menu_order":10,"comment_status":"closed","ping_status":"closed","template":"","meta":{"_joinchat":[],"footnotes":""},"tags":[60],"class_list":["post-26225","page","type-page","status-publish","has-post-thumbnail","hentry","tag-chargebelt-de"],"_links":{"self":[{"href":"https:\/\/www.capotex.com\/de\/wp-json\/wp\/v2\/pages\/26225","targetHints":{"allow":["GET"]}}],"collection":[{"href":"https:\/\/www.capotex.com\/de\/wp-json\/wp\/v2\/pages"}],"about":[{"href":"https:\/\/www.capotex.com\/de\/wp-json\/wp\/v2\/types\/page"}],"author":[{"embeddable":true,"href":"https:\/\/www.capotex.com\/de\/wp-json\/wp\/v2\/users\/1"}],"replies":[{"embeddable":true,"href":"https:\/\/www.capotex.com\/de\/wp-json\/wp\/v2\/comments?post=26225"}],"version-history":[{"count":11,"href":"https:\/\/www.capotex.com\/de\/wp-json\/wp\/v2\/pages\/26225\/revisions"}],"predecessor-version":[{"id":35183,"href":"https:\/\/www.capotex.com\/de\/wp-json\/wp\/v2\/pages\/26225\/revisions\/35183"}],"up":[{"embeddable":true,"href":"https:\/\/www.capotex.com\/de\/wp-json\/wp\/v2\/pages\/26252"}],"wp:featuredmedia":[{"embeddable":true,"href":"https:\/\/www.capotex.com\/de\/wp-json\/wp\/v2\/media\/1690"}],"wp:attachment":[{"href":"https:\/\/www.capotex.com\/de\/wp-json\/wp\/v2\/media?parent=26225"}],"wp:term":[{"taxonomy":"post_tag","embeddable":true,"href":"https:\/\/www.capotex.com\/de\/wp-json\/wp\/v2\/tags?post=26225"}],"curies":[{"name":"wp","href":"https:\/\/api.w.org\/{rel}","templated":true}]}}

<div data-elementor-type="wp-page" data-elementor-id="26225" class="elementor elementor-26225 elementor-1763" data-elementor-post-type="page">
				<div class="elementor-element elementor-element-d6f361e e-flex e-con-boxed e-con e-parent" data-id="d6f361e" data-element_type="container" data-e-type="container">
					<div class="e-con-inner">
				<div class="elementor-element elementor-element-cda3c56 elementor-widget elementor-widget-heading" data-id="cda3c56" data-element_type="widget" data-e-type="widget" data-widget_type="heading.default">
				<div class="elementor-widget-container">
					<h1 class="elementor-heading-title elementor-size-default">Seitliche Schutzvorrichtungen für Förderbander</h1>				</div>
				</div>
				<div class="elementor-element elementor-element-2fdf1e4 elementor-widget elementor-widget-heading" data-id="2fdf1e4" data-element_type="widget" data-e-type="widget" data-widget_type="heading.default">
				<div class="elementor-widget-container">
					<h2 class="elementor-heading-title elementor-size-default">Seitenschutz des Förderbandes aus Metall mit selbstschneidender Schraube (P1)</h2>				</div>
				</div>
				<div class="elementor-element elementor-element-669d373 elementor-widget elementor-widget-image" data-id="669d373" data-element_type="widget" data-e-type="widget" data-widget_type="image.default">
				<div class="elementor-widget-container">
																<a href="https://www.capotex.com/wp-content/uploads/2024/07/Seitliche-Schutzvorrichtungen-fur-Forderbander.jpg" data-elementor-open-lightbox="yes" data-elementor-lightbox-title="Seitliche Schutzvorrichtungen für Förderbander" data-elementor-lightbox-description="Seitliche Schutzvorrichtungen für Förderbander" data-e-action-hash="#elementor-action%3Aaction%3Dlightbox%26settings%3DeyJpZCI6MzUxMjEsInVybCI6Imh0dHBzOlwvXC93d3cuY2Fwb3RleC5jb21cL3dwLWNvbnRlbnRcL3VwbG9hZHNcLzIwMjRcLzA3XC9TZWl0bGljaGUtU2NodXR6dm9ycmljaHR1bmdlbi1mdXItRm9yZGVyYmFuZGVyLmpwZyJ9">
							<img fetchpriority="high" decoding="async" width="546" height="400" src="https://www.capotex.com/wp-content/uploads/2024/07/Seitliche-Schutzvorrichtungen-fur-Forderbander.jpg" class="attachment-full size-full wp-image-35121" alt="Seitliche Schutzvorrichtungen für Förderbander" srcset="https://www.capotex.com/wp-content/uploads/2024/07/Seitliche-Schutzvorrichtungen-fur-Forderbander.jpg 546w, https://www.capotex.com/wp-content/uploads/2024/07/Seitliche-Schutzvorrichtungen-fur-Forderbander-300x220.jpg 300w" sizes="(max-width: 546px) 100vw, 546px" />								</a>
															</div>
				</div>
					</div>
				</div>
		<div class="elementor-element elementor-element-82ef0d0 e-flex e-con-boxed e-con e-parent" data-id="82ef0d0" data-element_type="container" data-e-type="container">
					<div class="e-con-inner">
		<div class="elementor-element elementor-element-f2cb550 e-con-full e-flex e-con e-child" data-id="f2cb550" data-element_type="container" data-e-type="container">
				<div class="elementor-element elementor-element-327d608 elementor-widget elementor-widget-text-editor" data-id="327d608" data-element_type="widget" data-e-type="widget" data-widget_type="text-editor.default">
				<div class="elementor-widget-container">
									<p><strong>Merkmale:</strong></p>
<ul>
<li>Sie gewährleisten die Kohärenz und Einhaltung der Vorschriften.</li>
<li>Dank der Innovation ihrer maßgeschneiderten Lösungen gewährleisten sie eine korrekte Installation.</li>
<li>Es handelt sich um eine der wirtschaftlichsten Optionen für den Schutz der oberen Seite &#8211; des Ladebands -.</li>
<li>Obwohl sie als feste Schutzeinrichtungen gelten, können sie für Wartungsarbeiten demontiert werden.</li>
<li>Dieser Schutz wird an einen Pfosten geschraubt, der mit dem Rahmen verschraubt ist.</li>
</ul>
								</div>
				</div>
				</div>
		<div class="elementor-element elementor-element-ca54301 e-con-full e-flex e-con e-child" data-id="ca54301" data-element_type="container" data-e-type="container">
				<div class="elementor-element elementor-element-fe16220 elementor-widget elementor-widget-text-editor" data-id="fe16220" data-element_type="widget" data-e-type="widget" data-widget_type="text-editor.default">
				<div class="elementor-widget-container">
									<p><strong>Materialien:</strong></p>
<ul>
<li>Feuerverzinkt.</li>
<li>Rostfreier Stahl 304.</li>
<li>Rostfreier Stahl 316.</li>
</ul>
								</div>
				</div>
				</div>
		<div class="elementor-element elementor-element-4df8a6f e-con-full e-flex e-con e-child" data-id="4df8a6f" data-element_type="container" data-e-type="container">
				<div class="elementor-element elementor-element-158a2f4 elementor-widget elementor-widget-text-editor" data-id="158a2f4" data-element_type="widget" data-e-type="widget" data-widget_type="text-editor.default">
				<div class="elementor-widget-container">
									<p><strong>Technische Daten:</strong></p><ul><li><strong>Länge</strong> der Einheit von 1,5 bis 2,4 m.</li><li><strong>Höhe</strong> gemäß <a href="https://www.capotex.com/wp-content/uploads/2024/03/P1-Mesh-dimensions.pdf" target="_blank" rel="noopener">Zeichnung</a>.</li><li><strong>Gewicht des Systems</strong> 4,7 kg/Meter.</li><li><strong>Standardmaschengröße</strong> 33&#215;33 Draht 3 mm (andere Größen auf Anfrage).</li></ul>								</div>
				</div>
				</div>
					</div>
				</div>
		<div class="elementor-element elementor-element-e57b63c e-flex e-con-boxed e-con e-parent" data-id="e57b63c" data-element_type="container" data-e-type="container">
					<div class="e-con-inner">
				<div class="elementor-element elementor-element-e4bb2b7 elementor-widget elementor-widget-image" data-id="e4bb2b7" data-element_type="widget" data-e-type="widget" data-widget_type="image.default">
				<div class="elementor-widget-container">
																<a href="https://www.capotex.com/wp-content/uploads/2024/03/P-1_MESH-Deutsch.pdf" target="_blank">
							<img decoding="async" width="793" height="560" src="https://www.capotex.com/wp-content/uploads/2024/03/P-1_Mesh_German.jpg" class="attachment-full size-full wp-image-32324" alt="Seitliche Schutzvorrichtungen für Förderbander" srcset="https://www.capotex.com/wp-content/uploads/2024/03/P-1_Mesh_German.jpg 793w, https://www.capotex.com/wp-content/uploads/2024/03/P-1_Mesh_German-300x212.jpg 300w, https://www.capotex.com/wp-content/uploads/2024/03/P-1_Mesh_German-768x542.jpg 768w" sizes="(max-width: 793px) 100vw, 793px" />								</a>
															</div>
				</div>
				<div class="elementor-element elementor-element-329e146 elementor-widget elementor-widget-text-editor" data-id="329e146" data-element_type="widget" data-e-type="widget" data-widget_type="text-editor.default">
				<div class="elementor-widget-container">
									<p style="text-align: center;"><a href="https://www.capotex.com/wp-content/uploads/2024/03/P-1_MESH-Deutsch.pdf" target="_blank" rel="noopener"><em>P-1-Netzplan im pdf-Format herunterladen</em></a></p>								</div>
				</div>
					</div>
				</div>
				</div>

<p>Seitliche Schutzvorrichtungen für Förderbander Seitenschutz des Förderbandes aus Metall mit selbstschneidender Schraube (P1) Merkmale: Sie gewährleisten die Kohärenz und Einhaltung der Vorschriften. Dank der Innovation ihrer maßgeschneiderten Lösungen gewährleisten sie eine korrekte Installation. Es handelt sich um eine der wirtschaftlichsten Optionen für den Schutz der oberen Seite &#8211; des Ladebands -. Obwohl sie als feste [&hellip;]</p>
